{"id":79,"date":"2014-10-21T19:22:40","date_gmt":"2014-10-21T18:22:40","guid":{"rendered":"https:\/\/www.survivalneede.nl\/test\/?page_id=79"},"modified":"2024-08-29T09:33:02","modified_gmt":"2024-08-29T08:33:02","slug":"werkgroepen","status":"publish","type":"page","link":"https:\/\/www.survivalneede.nl\/?page_id=79","title":{"rendered":"Werkgroepen"},"content":{"rendered":"<div data-colibri-id=\"79-c1\" class=\"style-526 style-local-79-c1 position-relative\">\n  <!---->\n  <div data-colibri-component=\"section\" data-colibri-id=\"79-c2\" id=\"features\" class=\"h-section h-section-global-spacing d-flex align-items-lg-center align-items-md-center align-items-center style-550 style-local-79-c2 position-relative\">\n    <!---->\n    <!---->\n    <div class=\"h-section-grid-container h-section-boxed-container\">\n      <!---->\n      <div data-colibri-id=\"79-c3\" class=\"h-row-container gutters-row-lg-2 gutters-row-md-2 gutters-row-2 gutters-row-v-lg-2 gutters-row-v-md-2 gutters-row-v-2 style-551 style-local-79-c3 position-relative\">\n        <!---->\n        <div class=\"h-row justify-content-lg-center justify-content-md-center justify-content-center align-items-lg-stretch align-items-md-stretch align-items-stretch gutters-col-lg-2 gutters-col-md-2 gutters-col-2 gutters-col-v-lg-2 gutters-col-v-md-2 gutters-col-v-2\">\n          <!---->\n          <div class=\"h-column h-column-container d-flex h-col-lg-4 h-col-md-6 h-col-12 style-552-outer style-local-79-c4-outer\">\n            <div data-colibri-id=\"79-c4\" class=\"d-flex h-flex-basis h-column__inner h-px-lg-0 h-px-md-0 h-px-0 v-inner-lg-0 v-inner-md-0 v-inner-0 style-552 style-local-79-c4 position-relative\">\n              <!---->\n              <!---->\n              <div class=\"w-100 h-y-container h-column__content h-column__v-align flex-basis-100 align-self-lg-start align-self-md-start align-self-start\">\n                <!---->\n                <div data-colibri-id=\"79-c5\" class=\"d-block style-553 style-local-79-c5 position-relative h-element\">\n                  <!---->\n                  <div class=\"h-image__frame-container-outer\">\n                    <div class=\"h-image__frame-container\">\n                      <!---->\n                      <!---->\n                      <img loading=\"lazy\" decoding=\"async\" width=\"500\" height=\"333\" src=\"https:\/\/www.survivalneede.nl\/wp-content\/uploads\/2021\/12\/Sponsoring.jpg\" class=\"wp-image-2091 style-553-image style-local-79-c5-image\" alt=\"\" srcset=\"https:\/\/www.survivalneede.nl\/wp-content\/uploads\/2021\/12\/Sponsoring.jpg 500w, https:\/\/www.survivalneede.nl\/wp-content\/uploads\/2021\/12\/Sponsoring-300x200.jpg 300w\" sizes=\"auto, (max-width: 500px) 100vw, 500px\" \/>\n                      <div class=\"h-image__frame h-hide-lg h-hide-md h-hide-sm style-553-frameImage style-local-79-c5-frameImage\"><\/div>\n                    <\/div>\n                  <\/div>\n                <\/div>\n                <div data-colibri-id=\"79-c6\" class=\"h-row-container gutters-row-lg-0 gutters-row-md-0 gutters-row-2 gutters-row-v-lg-0 gutters-row-v-md-0 gutters-row-v-2 style-554 style-local-79-c6 position-relative\">\n                  <!---->\n                  <div class=\"h-row justify-content-lg-center justify-content-md-center justify-content-center align-items-lg-stretch align-items-md-stretch align-items-stretch gutters-col-lg-0 gutters-col-md-0 gutters-col-2 gutters-col-v-lg-0 gutters-col-v-md-0 gutters-col-v-2\">\n                    <!---->\n                    <div class=\"h-column h-column-container d-flex h-col-lg-auto h-col-md-auto h-col-auto style-555-outer style-local-79-c7-outer\">\n                      <div data-colibri-id=\"79-c7\" class=\"d-flex h-flex-basis h-column__inner h-px-lg-2 h-px-md-3 h-px-2 v-inner-lg-2 v-inner-md-3 v-inner-2 style-555 style-local-79-c7 position-relative\">\n                        <!---->\n                        <!---->\n                        <div class=\"w-100 h-y-container h-column__content h-column__v-align flex-basis-100 align-self-lg-start align-self-md-start align-self-start\">\n                          <!---->\n                          <div data-colibri-id=\"79-c8\" class=\"h-global-transition-all h-heading style-556 style-local-79-c8 position-relative h-element\">\n                            <!---->\n                            <div class=\"h-heading__outer style-556 style-local-79-c8\">\n                              <!---->\n                              <!---->\n                              <h4 class=\"\">Sponsoring<\/h4>\n                            <\/div>\n                          <\/div>\n                          <div data-colibri-id=\"79-c9\" class=\"h-text h-text-component style-557 style-local-79-c9 position-relative h-element\">\n                            <!---->\n                            <!---->\n                            <div class=\"\">\n                              <p>De werkgroep Sponsoring draagt er zorg voor dat via sponsoring de financi\u00eble positie van de SSN gezond blijft. Ze onderhoud contacten met sponsoren en werft tevens nieuwe sponsoren. <\/p>\n                              <p>Tijdens de wedstrijd is deze werkgroep verantwoordelijk voor de opvang en begeleiding van de sponsoren.<\/p>\n                            <\/div>\n                          <\/div>\n                        <\/div>\n                      <\/div>\n                    <\/div>\n                  <\/div>\n                <\/div>\n                <div data-colibri-id=\"79-c10\" class=\"h-x-container style-558 style-local-79-c10 position-relative h-element\">\n                  <!---->\n                  <div class=\"h-x-container-inner style-dynamic-79-c10-group style-558-spacing style-local-79-c10-spacing\"><span class=\"h-link__outer style-559-outer style-local-79-c11-outer d-inline-flex h-element\"><a h-use-smooth-scroll=\"true\" href=\"mailto:info@survivalrunneede.nl\"  data-colibri-id=\"79-c11\" class=\"d-flex w-100 align-items-center h-link style-559 style-local-79-c11 position-relative\"><!----><!----> <span>info@survivalrunneede.nl<\/span>                    <span class=\"h-svg-icon h-link__icon style-559-icon style-local-79-c11-icon\"><!--Icon by Icons8 Line Awesome (https:\/\/icons8.com\/line-awesome)--><svg version=\"1.1\" xmlns=\"http:\/\/www.w3.org\/2000\/svg\" xmlns:xlink=\"http:\/\/www.w3.org\/1999\/xlink\" id=\"angle-double-right\" viewBox=\"0 0 512 545.5\"><path d=\"M145.5 108.5l168 168L325 288l-11.5 11.5-168 168-22.5-23L279.5 288 123 131.5zm112 0l168 168L437 288l-11.5 11.5-168 168-22.5-23L391.5 288 235 131.5z\"><\/path><\/svg><\/span><\/a>\n                    <\/span>\n                  <\/div>\n                <\/div>\n              <\/div>\n            <\/div>\n          <\/div>\n          <div class=\"h-column h-column-container d-flex h-col-lg-4 h-col-md-6 h-col-12 style-552-outer style-local-79-c12-outer\">\n            <div data-colibri-id=\"79-c12\" class=\"d-flex h-flex-basis h-column__inner h-px-lg-0 h-px-md-0 h-px-0 v-inner-lg-0 v-inner-md-0 v-inner-0 style-552 style-local-79-c12 position-relative\">\n              <!---->\n              <!---->\n              <div class=\"w-100 h-y-container h-column__content h-column__v-align flex-basis-100 align-self-lg-start align-self-md-start align-self-start\">\n                <!---->\n                <div data-colibri-id=\"79-c13\" class=\"d-block style-553 style-local-79-c13 position-relative h-element\">\n                  <!---->\n                  <div class=\"h-image__frame-container-outer\">\n                    <div class=\"h-image__frame-container\">\n                      <!---->\n                      <!---->\n                      <img loading=\"lazy\" decoding=\"async\" width=\"500\" height=\"333\" src=\"https:\/\/www.survivalneede.nl\/wp-content\/uploads\/2021\/12\/Vrijwilligers.jpg\" class=\"wp-image-2092 style-553-image style-local-79-c13-image\" alt=\"\" srcset=\"https:\/\/www.survivalneede.nl\/wp-content\/uploads\/2021\/12\/Vrijwilligers.jpg 500w, https:\/\/www.survivalneede.nl\/wp-content\/uploads\/2021\/12\/Vrijwilligers-300x200.jpg 300w\" sizes=\"auto, (max-width: 500px) 100vw, 500px\" \/>\n                      <div class=\"h-image__frame h-hide-lg h-hide-md h-hide-sm style-553-frameImage style-local-79-c13-frameImage\"><\/div>\n                    <\/div>\n                  <\/div>\n                <\/div>\n                <div data-colibri-id=\"79-c14\" class=\"h-row-container gutters-row-lg-0 gutters-row-md-0 gutters-row-2 gutters-row-v-lg-0 gutters-row-v-md-0 gutters-row-v-2 style-554 style-local-79-c14 position-relative\">\n                  <!---->\n                  <div class=\"h-row justify-content-lg-center justify-content-md-center justify-content-center align-items-lg-stretch align-items-md-stretch align-items-stretch gutters-col-lg-0 gutters-col-md-0 gutters-col-2 gutters-col-v-lg-0 gutters-col-v-md-0 gutters-col-v-2\">\n                    <!---->\n                    <div class=\"h-column h-column-container d-flex h-col-lg-auto h-col-md-auto h-col-auto style-555-outer style-local-79-c15-outer\">\n                      <div data-colibri-id=\"79-c15\" class=\"d-flex h-flex-basis h-column__inner h-px-lg-2 h-px-md-3 h-px-2 v-inner-lg-2 v-inner-md-3 v-inner-2 style-555 style-local-79-c15 position-relative\">\n                        <!---->\n                        <!---->\n                        <div class=\"w-100 h-y-container h-column__content h-column__v-align flex-basis-100 align-self-lg-start align-self-md-start align-self-start\">\n                          <!---->\n                          <div data-colibri-id=\"79-c16\" class=\"h-global-transition-all h-heading style-556 style-local-79-c16 position-relative h-element\">\n                            <!---->\n                            <div class=\"h-heading__outer style-556 style-local-79-c16\">\n                              <!---->\n                              <!---->\n                              <h4 class=\"\">Vrijwilligers<\/h4>\n                            <\/div>\n                          <\/div>\n                          <div data-colibri-id=\"79-c17\" class=\"h-text h-text-component style-557 style-local-79-c17 position-relative h-element\">\n                            <!---->\n                            <!---->\n                            <div class=\"\">\n                              <p>De organisatie rondom het werven en aanschrijven van vrijwilligers wordt door de werkgroep Vrijwilligers gedaan. Zij verzorgen ook alle contacten die nodig zijn om deze mensen op hun plaats te krijgen. Ook het actueel houden\n                                van de vrijwilligerslijst en tevens een kaartje met de kerst staan op het programma.<\/p>\n                              <p>Vrijwilligers zijn onmisbaar bij elke stichting. Als we geen vrijwilligers hebben, kunnen we wel vergeten om een goede wedstrijd neer te zetten. Tevens is het onmogelijk om alleen mensen in te zetten die betaald moeten worden.\n                                Dit zou wel zeer kostbaar worden.<\/p>\n                              <p>Trouwens iedereen die iets doet in welke vorm dan ook bij de SSN is vrijwilliger. Ook de bestuursleden. Tijdens de wedstrijd alleen al zijn er voor de SSN 250 mensen in touw om alles goed te laten functioneren. Deze zijn\n                                onderverdeeld in: posten \u2013 hindernisbouwers \u2013 cateringmensen \u2013 EHBO &#8211; fysiotherapie H\u00f6vels &amp; Volmer e.d.<\/p>\n                              <p>Door de jaren heen hebben wij een fijne groep gekregen die we altijd aan kunnen spreken. Dit is toch wel heel uniek. Wij zijn hier dan ook erg blij mee. Vrijwilligers, bedankt!<\/p>\n                              <p>Wil jij ons ook helpen? Neem dan contact op via onderstaande mail:\n                                <br>\n                              <\/p>\n                            <\/div>\n                          <\/div>\n                        <\/div>\n                      <\/div>\n                    <\/div>\n                  <\/div>\n                <\/div>\n                <div data-colibri-id=\"79-c18\" class=\"h-x-container style-558 style-local-79-c18 position-relative h-element\">\n                  <!---->\n                  <div class=\"h-x-container-inner style-dynamic-79-c18-group style-558-spacing style-local-79-c18-spacing\"><span class=\"h-link__outer style-559-outer style-local-79-c19-outer d-inline-flex h-element\"><a h-use-smooth-scroll=\"true\" href=\"mailto:vrijwilligers@survivalrunneede.nl\"  data-colibri-id=\"79-c19\" class=\"d-flex w-100 align-items-center h-link style-559 style-local-79-c19 position-relative\"><!----><!----> <span>vrijwilligers@survivalrunneede.nl<\/span>                    <span class=\"h-svg-icon h-link__icon style-559-icon style-local-79-c19-icon\"><!--Icon by Icons8 Line Awesome (https:\/\/icons8.com\/line-awesome)--><svg version=\"1.1\" xmlns=\"http:\/\/www.w3.org\/2000\/svg\" xmlns:xlink=\"http:\/\/www.w3.org\/1999\/xlink\" id=\"angle-double-right\" viewBox=\"0 0 512 545.5\"><path d=\"M145.5 108.5l168 168L325 288l-11.5 11.5-168 168-22.5-23L279.5 288 123 131.5zm112 0l168 168L437 288l-11.5 11.5-168 168-22.5-23L391.5 288 235 131.5z\"><\/path><\/svg><\/span><\/a>\n                    <\/span>\n                  <\/div>\n                <\/div>\n              <\/div>\n            <\/div>\n          <\/div>\n          <div class=\"h-column h-column-container d-flex h-col-lg-4 h-col-md-6 h-col-12 style-552-outer style-local-79-c20-outer\">\n            <div data-colibri-id=\"79-c20\" class=\"d-flex h-flex-basis h-column__inner h-px-lg-0 h-px-md-0 h-px-0 v-inner-lg-0 v-inner-md-0 v-inner-0 style-552 style-local-79-c20 position-relative\">\n              <!---->\n              <!---->\n              <div class=\"w-100 h-y-container h-column__content h-column__v-align flex-basis-100 align-self-lg-start align-self-md-start align-self-start\">\n                <!---->\n                <div data-colibri-id=\"79-c21\" class=\"d-block style-553 style-local-79-c21 position-relative h-element\">\n                  <!---->\n                  <div class=\"h-image__frame-container-outer\">\n                    <div class=\"h-image__frame-container\">\n                      <!---->\n                      <!---->\n                      <img loading=\"lazy\" decoding=\"async\" width=\"800\" height=\"533\" src=\"https:\/\/www.survivalneede.nl\/wp-content\/uploads\/2021\/12\/hand-en-span-1.jpg\" class=\"wp-image-2269 style-553-image style-local-79-c21-image\" alt=\"\" srcset=\"https:\/\/www.survivalneede.nl\/wp-content\/uploads\/2021\/12\/hand-en-span-1.jpg 800w, https:\/\/www.survivalneede.nl\/wp-content\/uploads\/2021\/12\/hand-en-span-1-300x200.jpg 300w, https:\/\/www.survivalneede.nl\/wp-content\/uploads\/2021\/12\/hand-en-span-1-768x512.jpg 768w\" sizes=\"auto, (max-width: 800px) 100vw, 800px\" \/>\n                      <div class=\"h-image__frame h-hide-lg h-hide-md h-hide-sm style-553-frameImage style-local-79-c21-frameImage\"><\/div>\n                    <\/div>\n                  <\/div>\n                <\/div>\n                <div data-colibri-id=\"79-c22\" class=\"h-row-container gutters-row-lg-0 gutters-row-md-0 gutters-row-2 gutters-row-v-lg-0 gutters-row-v-md-0 gutters-row-v-2 style-554 style-local-79-c22 position-relative\">\n                  <!---->\n                  <div class=\"h-row justify-content-lg-center justify-content-md-center justify-content-center align-items-lg-stretch align-items-md-stretch align-items-stretch gutters-col-lg-0 gutters-col-md-0 gutters-col-2 gutters-col-v-lg-0 gutters-col-v-md-0 gutters-col-v-2\">\n                    <!---->\n                    <div class=\"h-column h-column-container d-flex h-col-lg-auto h-col-md-auto h-col-auto style-555-outer style-local-79-c23-outer\">\n                      <div data-colibri-id=\"79-c23\" class=\"d-flex h-flex-basis h-column__inner h-px-lg-2 h-px-md-3 h-px-2 v-inner-lg-2 v-inner-md-3 v-inner-2 style-555 style-local-79-c23 position-relative\">\n                        <!---->\n                        <!---->\n                        <div class=\"w-100 h-y-container h-column__content h-column__v-align flex-basis-100 align-self-lg-start align-self-md-start align-self-start\">\n                          <!---->\n                          <div data-colibri-id=\"79-c24\" class=\"h-global-transition-all h-heading style-556 style-local-79-c24 position-relative h-element\">\n                            <!---->\n                            <div class=\"h-heading__outer style-556 style-local-79-c24\">\n                              <!---->\n                              <!---->\n                              <h4 class=\"\">Hand &amp; spandiensten<\/h4>\n                            <\/div>\n                          <\/div>\n                          <div data-colibri-id=\"79-c25\" class=\"h-text h-text-component style-557 style-local-79-c25 position-relative h-element\">\n                            <!---->\n                            <!---->\n                            <div class=\"\">\n                              <p>Alle werkzaamheden van v\u00f3\u00f3r en tijdens de wedstrijd, die anderen niet na kunnen komen wordt door deze werkgroep Hand en Spandiensten uitgevoerd. <\/p>\n                              <p>Hun taak bestaat o.a. uit de verzorging van verversingsposten, fietsroutes uitzetten, reclameborden ophangen e.d. Deze werkgroep is niet weg te denken, er is altijd voldoende te doen.<\/p>\n                            <\/div>\n                          <\/div>\n                        <\/div>\n                      <\/div>\n                    <\/div>\n                  <\/div>\n                <\/div>\n              <\/div>\n            <\/div>\n          <\/div>\n          <div class=\"h-column h-column-container d-flex h-col-lg-4 h-col-md-6 h-col-12 style-552-outer style-local-79-c28-outer\">\n            <div data-colibri-id=\"79-c28\" class=\"d-flex h-flex-basis h-column__inner h-px-lg-0 h-px-md-0 h-px-0 v-inner-lg-0 v-inner-md-0 v-inner-0 style-552 style-local-79-c28 position-relative\">\n              <!---->\n              <!---->\n              <div class=\"w-100 h-y-container h-column__content h-column__v-align flex-basis-100 align-self-lg-start align-self-md-start align-self-start\">\n                <!---->\n                <div data-colibri-id=\"79-c29\" class=\"d-block style-553 style-local-79-c29 position-relative h-element\">\n                  <!---->\n                  <div class=\"h-image__frame-container-outer\">\n                    <div class=\"h-image__frame-container\">\n                      <!---->\n                      <!---->\n                      <img loading=\"lazy\" decoding=\"async\" width=\"500\" height=\"333\" src=\"https:\/\/www.survivalneede.nl\/wp-content\/uploads\/2021\/12\/Parcours.jpg\" class=\"wp-image-2094 style-553-image style-local-79-c29-image\" alt=\"\" srcset=\"https:\/\/www.survivalneede.nl\/wp-content\/uploads\/2021\/12\/Parcours.jpg 500w, https:\/\/www.survivalneede.nl\/wp-content\/uploads\/2021\/12\/Parcours-300x200.jpg 300w\" sizes=\"auto, (max-width: 500px) 100vw, 500px\" \/>\n                      <div class=\"h-image__frame h-hide-lg h-hide-md h-hide-sm style-553-frameImage style-local-79-c29-frameImage\"><\/div>\n                    <\/div>\n                  <\/div>\n                <\/div>\n                <div data-colibri-id=\"79-c30\" class=\"h-row-container gutters-row-lg-0 gutters-row-md-0 gutters-row-2 gutters-row-v-lg-0 gutters-row-v-md-0 gutters-row-v-2 style-554 style-local-79-c30 position-relative\">\n                  <!---->\n                  <div class=\"h-row justify-content-lg-center justify-content-md-center justify-content-center align-items-lg-stretch align-items-md-stretch align-items-stretch gutters-col-lg-0 gutters-col-md-0 gutters-col-2 gutters-col-v-lg-0 gutters-col-v-md-0 gutters-col-v-2\">\n                    <!---->\n                    <div class=\"h-column h-column-container d-flex h-col-lg-auto h-col-md-auto h-col-auto style-555-outer style-local-79-c31-outer\">\n                      <div data-colibri-id=\"79-c31\" class=\"d-flex h-flex-basis h-column__inner h-px-lg-2 h-px-md-3 h-px-2 v-inner-lg-2 v-inner-md-3 v-inner-2 style-555 style-local-79-c31 position-relative\">\n                        <!---->\n                        <!---->\n                        <div class=\"w-100 h-y-container h-column__content h-column__v-align flex-basis-100 align-self-lg-start align-self-md-start align-self-start\">\n                          <!---->\n                          <div data-colibri-id=\"79-c32\" class=\"h-global-transition-all h-heading style-556 style-local-79-c32 position-relative h-element\">\n                            <!---->\n                            <div class=\"h-heading__outer style-556 style-local-79-c32\">\n                              <!---->\n                              <!---->\n                              <h4 class=\"\">Parcours<\/h4>\n                            <\/div>\n                          <\/div>\n                          <div data-colibri-id=\"79-c33\" class=\"h-text h-text-component style-557 style-local-79-c33 position-relative h-element\">\n                            <!---->\n                            <!---->\n                            <div class=\"\">\n                              <p>Deze werkgroep zorgt voor het uitzetten van een parcours en het bedenken en bouwen van de diverse hindernissen.<\/p>\n                              <p>De bouwploegen dragen zorg voor de opbouw en het afbreken&nbsp;van de hindernissen die nodig zijn voor een survivalrun.<\/p>\n                              <p>Doordat al jarenlang dezelfde personen helpen deze taken te verwezenlijken, kunnen we spreken van een heuse <strong><em>bouwploeg<\/em><\/strong>. Deze mensen zijn ervaren in knooptechnieken. Ze hebben hier dan ook een cursus\n                                voor gevolgd en elk jaar krijgen ze kort voor de wedstrijd weer een opfriscursus knooptechniek. Onze bouwploeg bestaat uit 35 personen. Deze zijn onderverdeeld in 5 rayons waarvan \u00e9\u00e9n persoon de leiding heeft. Deze noemen\n                                we rayonhoofd (eindverantwoordelijke).<\/p>\n                              <p>Elk rayon bestaat uit ongeveer 4 km. met hierin \u2013 afhankelijk van de grootte \u2013 tussen de 5 en 10 hindernissen.<\/p>\n                              <p>De rayonhoofden worden aangestuurd en ge\u00efnformeerd door de co\u00f6rdinator van de Werkgroep Parcours. De co\u00f6rdinator en de voorzitter zijn samen de bedenkers van de hindernissen en deze personen zorgen ervoor dat het hele parcours\n                                er elk jaar weer gevarieerd en als een grote uitdaging uitziet voor de deelnemers.<\/p>\n                            <\/div>\n                          <\/div>\n                        <\/div>\n                      <\/div>\n                    <\/div>\n                  <\/div>\n                <\/div>\n              <\/div>\n            <\/div>\n          <\/div>\n        <\/div>\n      <\/div>\n    <\/div>\n  <\/div>\n<\/div>","protected":false},"excerpt":{"rendered":"<p>Sponsoring De werkgroep Sponsoring draagt er zorg voor dat via sponsoring de financi\u00eble positie van de SSN gezond blijft. Ze onderhoud contacten met sponsoren en werft tevens nieuwe sponsoren. Tijdens de wedstrijd is deze werkgroep verantwoordelijk voor de opvang en begeleiding van de sponsoren. info@survivalrunneede.nl Vrijwilligers De organisatie rondom het werven en aanschrijven van vrijwilligers [&hellip;]<\/p>\n","protected":false},"author":1,"featured_media":0,"parent":0,"menu_order":0,"comment_status":"closed","ping_status":"closed","template":"page-templates\/full-width-page.php","meta":{"_monsterinsights_skip_tracking":false,"_monsterinsights_sitenote_active":false,"_monsterinsights_sitenote_note":"","_monsterinsights_sitenote_category":0,"footnotes":""},"class_list":["post-79","page","type-page","status-publish","hentry"],"_links":{"self":[{"href":"https:\/\/www.survivalneede.nl\/index.php?rest_route=\/wp\/v2\/pages\/79","targetHints":{"allow":["GET"]}}],"collection":[{"href":"https:\/\/www.survivalneede.nl\/index.php?rest_route=\/wp\/v2\/pages"}],"about":[{"href":"https:\/\/www.survivalneede.nl\/index.php?rest_route=\/wp\/v2\/types\/page"}],"author":[{"embeddable":true,"href":"https:\/\/www.survivalneede.nl\/index.php?rest_route=\/wp\/v2\/users\/1"}],"replies":[{"embeddable":true,"href":"https:\/\/www.survivalneede.nl\/index.php?rest_route=%2Fwp%2Fv2%2Fcomments&post=79"}],"version-history":[{"count":11,"href":"https:\/\/www.survivalneede.nl\/index.php?rest_route=\/wp\/v2\/pages\/79\/revisions"}],"predecessor-version":[{"id":3198,"href":"https:\/\/www.survivalneede.nl\/index.php?rest_route=\/wp\/v2\/pages\/79\/revisions\/3198"}],"wp:attachment":[{"href":"https:\/\/www.survivalneede.nl\/index.php?rest_route=%2Fwp%2Fv2%2Fmedia&parent=79"}],"curies":[{"name":"wp","href":"https:\/\/api.w.org\/{rel}","templated":true}]}}